{"id":6381,"date":"2023-10-23T12:32:38","date_gmt":"2023-10-23T10:32:38","guid":{"rendered":"https:\/\/www.marodadesign.es\/miralles\/?post_type=product&#038;p=6381"},"modified":"2023-10-23T13:52:05","modified_gmt":"2023-10-23T11:52:05","slug":"pantalon-spruzzo-padded-liner-aries-arise","status":"publish","type":"product","link":"https:\/\/www.marodadesign.es\/miralles\/producto\/pantalon-spruzzo-padded-liner-aries-arise\/","title":{"rendered":"PANTAL\u00d3N SPRUZZO PADDED LINER ARIES ARISE"},"content":{"rendered":"<p><a href=\"https:\/\/www.marodadesign.es\/miralles\/categoria-producto\/ropa\/pantalones\/sport\/\">Pantal\u00f3n<\/a> Spruzzo Padded Liner de<a href=\"https:\/\/www.marodadesign.es\/miralles\/marca\/aries-arise\/\"> Aries Arise<\/a>. Esta prenda sport ha sido confeccionada en nailon ripstop acolchado para una mayor comodidad y funcionalidad. Presenta detalles de puntadas de chevr\u00f3n, y se ha usado para ello guata sostenible procedente de botellas PET recicladas. En la zona de la cintura presenta gran elasticidad, tiene cierres en la zona de los tobillos y adem\u00e1s presenta un compartimento en la zona trasera con cremallera y parche siliconado de la marca Pantal\u00f3n deportivo mini de nailon ripstop acolchado unisex con detalle de puntadas de chevr\u00f3n, elaborado con guata sostenible procedente de botellas de PET recicladas. Con cinturilla el\u00e1stica, cierres en los tobillos y bolsillo trasero con cremallera y parche de silicona de la marca <a href=\"https:\/\/www.marodadesign.es\/miralles\/marca\/aries-arise\/\"> Aries Arise<\/a>. Incluye un saco donde puede plegarse c\u00f3modamente. El acabado de la prenda es en spray bicolor. Se ha fabricado en Italia.<\/p>\n","protected":false},"excerpt":{"rendered":"<p><a href=\"hhttps:\/\/www.marodadesign.es\/miralles\/categoria-producto\/ropa\/pantalones\/sport\/\">Pantal\u00f3n<\/a> Spruzzo Padded Liner de<a href=\"https:\/\/eu.ariesarise.com\/\"> Aries Arise<\/a> para la temporada <a href=\"https:\/\/www.marodadesign.es\/miralles\/etiqueta-producto\/otono-invierno-2023\/\">Oto\u00f1o-Invierno 2023<\/a>. Est\u00e1 confeccionado en nailon ripstop acolchado, tiene cintura el\u00e1stica, cierres en los tobillos y bolsillo trasero. Incluye adem\u00e1s logotipo de marca siliconado <a href=\"https:\/\/eu.ariesarise.com\/\"> Aries Arise.<\/a><\/p>\n","protected":false},"featured_media":6390,"template":"","meta":[],"pwb-brand":[164],"product_brand":[],"product_cat":[226,168,227],"product_tag":[654,504],"class_list":{"0":"post-6381","1":"product","2":"type-product","3":"status-publish","4":"has-post-thumbnail","6":"pwb-brand-aries-arise","7":"product_cat-pantalones","8":"product_cat-ropa","9":"product_cat-sport","10":"product_tag-otono-invierno-2023","11":"product_tag-pantalones","13":"first","14":"instock","15":"featured","16":"sold-individually","17":"taxable","18":"shipping-taxable","19":"purchasable","20":"product-type-variable"},"yoast_head":"<!-- This site is optimized with the Yoast SEO plugin v27.5 - https:\/\/yoast.com\/product\/yoast-seo-wordpress\/ -->\n<title>PANTAL\u00d3N SPRUZZO PADDED LINER ARIES ARISE - ELEVEN<\/title>\n<meta name=\"description\" content=\"Pantal\u00f3n Spruzzo Padded Liner de Aries Arise. Fabricado en Italia. Esta prenda sport presenta un estampado de leopardo.\" \/>\n<meta name=\"robots\" content=\"noindex, follow, max-snippet:-1, max-image-preview:large, max-video-preview:-1\" \/>\n<meta property=\"og:locale\" content=\"es_ES\" \/>\n<meta property=\"og:type\" content=\"article\" \/>\n<meta property=\"og:title\" content=\"PANTAL\u00d3N SPRUZZO PADDED LINER ARIES ARISE - ELEVEN\" \/>\n<meta property=\"og:description\" content=\"Pantal\u00f3n Spruzzo Padded Liner de Aries Arise. Fabricado en Italia. Esta prenda sport presenta un estampado de leopardo.\" \/>\n<meta property=\"og:url\" content=\"https:\/\/www.marodadesign.es\/miralles\/producto\/pantalon-spruzzo-padded-liner-aries-arise\/\" \/>\n<meta property=\"og:site_name\" content=\"ELEVEN\" \/>\n<meta property=\"article:modified_time\" content=\"2023-10-23T11:52:05+00:00\" \/>\n<meta property=\"og:image\" content=\"https:\/\/www.marodadesign.es\/miralles\/wp-content\/uploads\/2023\/10\/pantalon-spruzzo-padded-liner-aries-arise-1.jpg\" \/>\n\t<meta property=\"og:image:width\" content=\"1300\" \/>\n\t<meta property=\"og:image:height\" content=\"1300\" \/>\n\t<meta property=\"og:image:type\" content=\"image\/jpeg\" \/>\n<meta name=\"twitter:card\" content=\"summary_large_image\" \/>\n<meta name=\"twitter:label1\" content=\"Tiempo de lectura\" \/>\n\t<meta name=\"twitter:data1\" content=\"1 minuto\" \/>\n<script type=\"application\/ld+json\" class=\"yoast-schema-graph\">{\"@context\":\"https:\\\/\\\/schema.org\",\"@graph\":[{\"@type\":\"WebPage\",\"@id\":\"https:\\\/\\\/www.marodadesign.es\\\/miralles\\\/producto\\\/pantalon-spruzzo-padded-liner-aries-arise\\\/\",\"url\":\"https:\\\/\\\/www.marodadesign.es\\\/miralles\\\/producto\\\/pantalon-spruzzo-padded-liner-aries-arise\\\/\",\"name\":\"PANTAL\u00d3N SPRUZZO PADDED LINER ARIES ARISE - ELEVEN\",\"isPartOf\":{\"@id\":\"https:\\\/\\\/www.marodadesign.es\\\/miralles\\\/#website\"},\"primaryImageOfPage\":{\"@id\":\"https:\\\/\\\/www.marodadesign.es\\\/miralles\\\/producto\\\/pantalon-spruzzo-padded-liner-aries-arise\\\/#primaryimage\"},\"image\":{\"@id\":\"https:\\\/\\\/www.marodadesign.es\\\/miralles\\\/producto\\\/pantalon-spruzzo-padded-liner-aries-arise\\\/#primaryimage\"},\"thumbnailUrl\":\"https:\\\/\\\/www.marodadesign.es\\\/miralles\\\/wp-content\\\/uploads\\\/2023\\\/10\\\/pantalon-spruzzo-padded-liner-aries-arise-1.jpg\",\"datePublished\":\"2023-10-23T10:32:38+00:00\",\"dateModified\":\"2023-10-23T11:52:05+00:00\",\"description\":\"Pantal\u00f3n Spruzzo Padded Liner de Aries Arise. Fabricado en Italia. Esta prenda sport presenta un estampado de leopardo.\",\"breadcrumb\":{\"@id\":\"https:\\\/\\\/www.marodadesign.es\\\/miralles\\\/producto\\\/pantalon-spruzzo-padded-liner-aries-arise\\\/#breadcrumb\"},\"inLanguage\":\"es\",\"potentialAction\":[{\"@type\":\"ReadAction\",\"target\":[\"https:\\\/\\\/www.marodadesign.es\\\/miralles\\\/producto\\\/pantalon-spruzzo-padded-liner-aries-arise\\\/\"]}]},{\"@type\":\"ImageObject\",\"inLanguage\":\"es\",\"@id\":\"https:\\\/\\\/www.marodadesign.es\\\/miralles\\\/producto\\\/pantalon-spruzzo-padded-liner-aries-arise\\\/#primaryimage\",\"url\":\"https:\\\/\\\/www.marodadesign.es\\\/miralles\\\/wp-content\\\/uploads\\\/2023\\\/10\\\/pantalon-spruzzo-padded-liner-aries-arise-1.jpg\",\"contentUrl\":\"https:\\\/\\\/www.marodadesign.es\\\/miralles\\\/wp-content\\\/uploads\\\/2023\\\/10\\\/pantalon-spruzzo-padded-liner-aries-arise-1.jpg\",\"width\":1300,\"height\":1300,\"caption\":\"FUAR31120-Pantal\u00f3n Spruzzo Padded Liner Aries Arise\"},{\"@type\":\"BreadcrumbList\",\"@id\":\"https:\\\/\\\/www.marodadesign.es\\\/miralles\\\/producto\\\/pantalon-spruzzo-padded-liner-aries-arise\\\/#breadcrumb\",\"itemListElement\":[{\"@type\":\"ListItem\",\"position\":1,\"name\":\"Portada\",\"item\":\"https:\\\/\\\/www.marodadesign.es\\\/miralles\\\/\"},{\"@type\":\"ListItem\",\"position\":2,\"name\":\"Tienda\",\"item\":\"https:\\\/\\\/www.marodadesign.es\\\/miralles\\\/tienda\\\/\"},{\"@type\":\"ListItem\",\"position\":3,\"name\":\"PANTAL\u00d3N SPRUZZO PADDED LINER ARIES ARISE\"}]},{\"@type\":\"WebSite\",\"@id\":\"https:\\\/\\\/www.marodadesign.es\\\/miralles\\\/#website\",\"url\":\"https:\\\/\\\/www.marodadesign.es\\\/miralles\\\/\",\"name\":\"ELEVEN\",\"description\":\"Moda para hombre en Valencia\",\"publisher\":{\"@id\":\"https:\\\/\\\/www.marodadesign.es\\\/miralles\\\/#organization\"},\"potentialAction\":[{\"@type\":\"SearchAction\",\"target\":{\"@type\":\"EntryPoint\",\"urlTemplate\":\"https:\\\/\\\/www.marodadesign.es\\\/miralles\\\/?s={search_term_string}\"},\"query-input\":{\"@type\":\"PropertyValueSpecification\",\"valueRequired\":true,\"valueName\":\"search_term_string\"}}],\"inLanguage\":\"es\"},{\"@type\":\"Organization\",\"@id\":\"https:\\\/\\\/www.marodadesign.es\\\/miralles\\\/#organization\",\"name\":\"Eleven Valencia\",\"alternateName\":\"Eleven\",\"url\":\"https:\\\/\\\/www.marodadesign.es\\\/miralles\\\/\",\"logo\":{\"@type\":\"ImageObject\",\"inLanguage\":\"es\",\"@id\":\"https:\\\/\\\/www.marodadesign.es\\\/miralles\\\/#\\\/schema\\\/logo\\\/image\\\/\",\"url\":\"https:\\\/\\\/www.marodadesign.es\\\/miralles\\\/wp-content\\\/uploads\\\/2023\\\/05\\\/Simbolo-Eleven-Valencia.jpg\",\"contentUrl\":\"https:\\\/\\\/www.marodadesign.es\\\/miralles\\\/wp-content\\\/uploads\\\/2023\\\/05\\\/Simbolo-Eleven-Valencia.jpg\",\"width\":600,\"height\":600,\"caption\":\"Eleven Valencia\"},\"image\":{\"@id\":\"https:\\\/\\\/www.marodadesign.es\\\/miralles\\\/#\\\/schema\\\/logo\\\/image\\\/\"}}]}<\/script>\n<!-- \/ Yoast SEO plugin. -->","yoast_head_json":{"title":"PANTAL\u00d3N SPRUZZO PADDED LINER ARIES ARISE - ELEVEN","description":"Pantal\u00f3n Spruzzo Padded Liner de Aries Arise. Fabricado en Italia. Esta prenda sport presenta un estampado de leopardo.","robots":{"index":"noindex","follow":"follow","max-snippet":"max-snippet:-1","max-image-preview":"max-image-preview:large","max-video-preview":"max-video-preview:-1"},"og_locale":"es_ES","og_type":"article","og_title":"PANTAL\u00d3N SPRUZZO PADDED LINER ARIES ARISE - ELEVEN","og_description":"Pantal\u00f3n Spruzzo Padded Liner de Aries Arise. Fabricado en Italia. Esta prenda sport presenta un estampado de leopardo.","og_url":"https:\/\/www.marodadesign.es\/miralles\/producto\/pantalon-spruzzo-padded-liner-aries-arise\/","og_site_name":"ELEVEN","article_modified_time":"2023-10-23T11:52:05+00:00","og_image":[{"width":1300,"height":1300,"url":"https:\/\/www.marodadesign.es\/miralles\/wp-content\/uploads\/2023\/10\/pantalon-spruzzo-padded-liner-aries-arise-1.jpg","type":"image\/jpeg"}],"twitter_card":"summary_large_image","twitter_misc":{"Tiempo de lectura":"1 minuto"},"schema":{"@context":"https:\/\/schema.org","@graph":[{"@type":"WebPage","@id":"https:\/\/www.marodadesign.es\/miralles\/producto\/pantalon-spruzzo-padded-liner-aries-arise\/","url":"https:\/\/www.marodadesign.es\/miralles\/producto\/pantalon-spruzzo-padded-liner-aries-arise\/","name":"PANTAL\u00d3N SPRUZZO PADDED LINER ARIES ARISE - ELEVEN","isPartOf":{"@id":"https:\/\/www.marodadesign.es\/miralles\/#website"},"primaryImageOfPage":{"@id":"https:\/\/www.marodadesign.es\/miralles\/producto\/pantalon-spruzzo-padded-liner-aries-arise\/#primaryimage"},"image":{"@id":"https:\/\/www.marodadesign.es\/miralles\/producto\/pantalon-spruzzo-padded-liner-aries-arise\/#primaryimage"},"thumbnailUrl":"https:\/\/www.marodadesign.es\/miralles\/wp-content\/uploads\/2023\/10\/pantalon-spruzzo-padded-liner-aries-arise-1.jpg","datePublished":"2023-10-23T10:32:38+00:00","dateModified":"2023-10-23T11:52:05+00:00","description":"Pantal\u00f3n Spruzzo Padded Liner de Aries Arise. Fabricado en Italia. Esta prenda sport presenta un estampado de leopardo.","breadcrumb":{"@id":"https:\/\/www.marodadesign.es\/miralles\/producto\/pantalon-spruzzo-padded-liner-aries-arise\/#breadcrumb"},"inLanguage":"es","potentialAction":[{"@type":"ReadAction","target":["https:\/\/www.marodadesign.es\/miralles\/producto\/pantalon-spruzzo-padded-liner-aries-arise\/"]}]},{"@type":"ImageObject","inLanguage":"es","@id":"https:\/\/www.marodadesign.es\/miralles\/producto\/pantalon-spruzzo-padded-liner-aries-arise\/#primaryimage","url":"https:\/\/www.marodadesign.es\/miralles\/wp-content\/uploads\/2023\/10\/pantalon-spruzzo-padded-liner-aries-arise-1.jpg","contentUrl":"https:\/\/www.marodadesign.es\/miralles\/wp-content\/uploads\/2023\/10\/pantalon-spruzzo-padded-liner-aries-arise-1.jpg","width":1300,"height":1300,"caption":"FUAR31120-Pantal\u00f3n Spruzzo Padded Liner Aries Arise"},{"@type":"BreadcrumbList","@id":"https:\/\/www.marodadesign.es\/miralles\/producto\/pantalon-spruzzo-padded-liner-aries-arise\/#breadcrumb","itemListElement":[{"@type":"ListItem","position":1,"name":"Portada","item":"https:\/\/www.marodadesign.es\/miralles\/"},{"@type":"ListItem","position":2,"name":"Tienda","item":"https:\/\/www.marodadesign.es\/miralles\/tienda\/"},{"@type":"ListItem","position":3,"name":"PANTAL\u00d3N SPRUZZO PADDED LINER ARIES ARISE"}]},{"@type":"WebSite","@id":"https:\/\/www.marodadesign.es\/miralles\/#website","url":"https:\/\/www.marodadesign.es\/miralles\/","name":"ELEVEN","description":"Moda para hombre en Valencia","publisher":{"@id":"https:\/\/www.marodadesign.es\/miralles\/#organization"},"potentialAction":[{"@type":"SearchAction","target":{"@type":"EntryPoint","urlTemplate":"https:\/\/www.marodadesign.es\/miralles\/?s={search_term_string}"},"query-input":{"@type":"PropertyValueSpecification","valueRequired":true,"valueName":"search_term_string"}}],"inLanguage":"es"},{"@type":"Organization","@id":"https:\/\/www.marodadesign.es\/miralles\/#organization","name":"Eleven Valencia","alternateName":"Eleven","url":"https:\/\/www.marodadesign.es\/miralles\/","logo":{"@type":"ImageObject","inLanguage":"es","@id":"https:\/\/www.marodadesign.es\/miralles\/#\/schema\/logo\/image\/","url":"https:\/\/www.marodadesign.es\/miralles\/wp-content\/uploads\/2023\/05\/Simbolo-Eleven-Valencia.jpg","contentUrl":"https:\/\/www.marodadesign.es\/miralles\/wp-content\/uploads\/2023\/05\/Simbolo-Eleven-Valencia.jpg","width":600,"height":600,"caption":"Eleven Valencia"},"image":{"@id":"https:\/\/www.marodadesign.es\/miralles\/#\/schema\/logo\/image\/"}}]}},"brands":[{"id":164,"name":"Aries Arise","slug":"aries-arise"}],"_links":{"self":[{"href":"https:\/\/www.marodadesign.es\/miralles\/wp-json\/wp\/v2\/product\/6381","targetHints":{"allow":["GET"]}}],"collection":[{"href":"https:\/\/www.marodadesign.es\/miralles\/wp-json\/wp\/v2\/product"}],"about":[{"href":"https:\/\/www.marodadesign.es\/miralles\/wp-json\/wp\/v2\/types\/product"}],"wp:featuredmedia":[{"embeddable":true,"href":"https:\/\/www.marodadesign.es\/miralles\/wp-json\/wp\/v2\/media\/6390"}],"wp:attachment":[{"href":"https:\/\/www.marodadesign.es\/miralles\/wp-json\/wp\/v2\/media?parent=6381"}],"wp:term":[{"taxonomy":"pwb-brand","embeddable":true,"href":"https:\/\/www.marodadesign.es\/miralles\/wp-json\/wp\/v2\/pwb-brand?post=6381"},{"taxonomy":"product_brand","embeddable":true,"href":"https:\/\/www.marodadesign.es\/miralles\/wp-json\/wp\/v2\/product_brand?post=6381"},{"taxonomy":"product_cat","embeddable":true,"href":"https:\/\/www.marodadesign.es\/miralles\/wp-json\/wp\/v2\/product_cat?post=6381"},{"taxonomy":"product_tag","embeddable":true,"href":"https:\/\/www.marodadesign.es\/miralles\/wp-json\/wp\/v2\/product_tag?post=6381"}],"curies":[{"name":"wp","href":"https:\/\/api.w.org\/{rel}","templated":true}]}}