{"id":7187,"date":"2024-03-11T13:34:28","date_gmt":"2024-03-11T12:34:28","guid":{"rendered":"https:\/\/www.marodadesign.es\/miralles\/?post_type=product&#038;p=7187"},"modified":"2024-03-11T13:34:29","modified_gmt":"2024-03-11T12:34:29","slug":"bolso-vest-y-3","status":"publish","type":"product","link":"https:\/\/www.marodadesign.es\/miralles\/producto\/bolso-vest-y-3\/","title":{"rendered":"BOLSO VEST Y-3"},"content":{"rendered":"<p><strong>El <a href=\"https:\/\/www.marodadesign.es\/miralles\/categoria-producto\/accesorios\/bolsos\/\">bolso<\/a> Vest de<\/strong> <a href=\"https:\/\/www.marodadesign.es\/miralles\/marca\/y-3\/\"><strong> Y-3 <\/strong><\/a>\u00a0es un accesorio pr\u00e1ctico y est\u00e9tico a simple vista. Tiene dos paneles, uno frontal y otro trasero que pueden cerrarse siendo ajustados con correas que se adhieren a los hombros y ambos costados del cuerpo. Dispone de varios bolsillos, uno de ellos tiene una capucha que se puede plegar.<\/p>\n<p><strong>Dimensiones:<\/strong> 50 cm x 53 cm<br \/>\n<strong>Capacidad:<\/strong> 17,4 l<br \/>\n<strong>Composici\u00f3n:<\/strong> 100% nailon reciclado<\/p>\n<p><strong>Instrucciones de lavado:<\/strong><br \/>\n-No usar lej\u00eda<br \/>\n-No usar secadora<br \/>\n-No lavar en seco<br \/>\n-No planchar<br \/>\n-Lavar a mano en agua fr\u00eda<\/p>\n<p><strong>Informaci\u00f3n adicional de cuidados:<\/strong><br \/>\n-No usar suavizante<br \/>\n-Usar solo detergentes suaves<\/p>\n","protected":false},"excerpt":{"rendered":"<p><strong><a href=\"https:\/\/www.marodadesign.es\/miralles\/categoria-producto\/accesorios\/bolsos\/\">Bolso<\/a> Vest\u00a0 de <a href=\"https:\/\/www.marodadesign.es\/miralles\/marca\/y-3\/\"> Y-3<\/a><\/strong>, para la temporada para \u00e9sta temporada <strong><a href=\"https:\/\/www.marodadesign.es\/miralles\/etiqueta-producto\/otono-invierno-2023\/\">Oto\u00f1o-Invierno 2023<\/a><\/strong>.\u00a0 Consta de dos paneles, uno frontal y otro trasero y varios bolsillos, uno de ellos con una capucha incluida que puede plegarse<\/p>\n","protected":false},"featured_media":7188,"template":"","meta":[],"pwb-brand":[163],"product_brand":[],"product_cat":[215,639],"product_tag":[568,654,452,705],"class_list":{"0":"post-7187","1":"product","2":"type-product","3":"status-publish","4":"has-post-thumbnail","6":"pwb-brand-y-3","7":"product_cat-accesorios","8":"product_cat-bolsos","9":"product_tag-bolso","10":"product_tag-otono-invierno-2023","11":"product_tag-y-3","12":"product_tag-y-3-otono-invierno-23","14":"first","15":"instock","16":"featured","17":"sold-individually","18":"taxable","19":"shipping-taxable","20":"purchasable","21":"product-type-simple"},"yoast_head":"<!-- This site is optimized with the Yoast SEO plugin v27.5 - https:\/\/yoast.com\/product\/yoast-seo-wordpress\/ -->\n<title>BOLSO VEST Y-3 - ELEVEN<\/title>\n<meta name=\"description\" content=\"El bolso Vest de Y-3 \u00a0es un accesorio pr\u00e1ctico y est\u00e9tico a simple vista y est\u00e1 disponible para la temporada Oto\u00f1o-Invierno 2023.\" \/>\n<meta name=\"robots\" content=\"noindex, follow, max-snippet:-1, max-image-preview:large, max-video-preview:-1\" \/>\n<meta property=\"og:locale\" content=\"es_ES\" \/>\n<meta property=\"og:type\" content=\"article\" \/>\n<meta property=\"og:title\" content=\"BOLSO VEST Y-3 - ELEVEN\" \/>\n<meta property=\"og:description\" content=\"El bolso Vest de Y-3 \u00a0es un accesorio pr\u00e1ctico y est\u00e9tico a simple vista y est\u00e1 disponible para la temporada Oto\u00f1o-Invierno 2023.\" \/>\n<meta property=\"og:url\" content=\"https:\/\/www.marodadesign.es\/miralles\/producto\/bolso-vest-y-3\/\" \/>\n<meta property=\"og:site_name\" content=\"ELEVEN\" \/>\n<meta property=\"article:modified_time\" content=\"2024-03-11T12:34:29+00:00\" \/>\n<meta property=\"og:image\" content=\"https:\/\/www.marodadesign.es\/miralles\/wp-content\/uploads\/2023\/11\/Bolso-Vest-Y-3_00.jpg\" \/>\n\t<meta property=\"og:image:width\" content=\"840\" \/>\n\t<meta property=\"og:image:height\" content=\"840\" \/>\n\t<meta property=\"og:image:type\" content=\"image\/jpeg\" \/>\n<meta name=\"twitter:card\" content=\"summary_large_image\" \/>\n<meta name=\"twitter:label1\" content=\"Tiempo de lectura\" \/>\n\t<meta name=\"twitter:data1\" content=\"1 minuto\" \/>\n<script type=\"application\/ld+json\" class=\"yoast-schema-graph\">{\"@context\":\"https:\\\/\\\/schema.org\",\"@graph\":[{\"@type\":\"WebPage\",\"@id\":\"https:\\\/\\\/www.marodadesign.es\\\/miralles\\\/producto\\\/bolso-vest-y-3\\\/\",\"url\":\"https:\\\/\\\/www.marodadesign.es\\\/miralles\\\/producto\\\/bolso-vest-y-3\\\/\",\"name\":\"BOLSO VEST Y-3 - ELEVEN\",\"isPartOf\":{\"@id\":\"https:\\\/\\\/www.marodadesign.es\\\/miralles\\\/#website\"},\"primaryImageOfPage\":{\"@id\":\"https:\\\/\\\/www.marodadesign.es\\\/miralles\\\/producto\\\/bolso-vest-y-3\\\/#primaryimage\"},\"image\":{\"@id\":\"https:\\\/\\\/www.marodadesign.es\\\/miralles\\\/producto\\\/bolso-vest-y-3\\\/#primaryimage\"},\"thumbnailUrl\":\"https:\\\/\\\/www.marodadesign.es\\\/miralles\\\/wp-content\\\/uploads\\\/2023\\\/11\\\/Bolso-Vest-Y-3_00.jpg\",\"datePublished\":\"2024-03-11T12:34:28+00:00\",\"dateModified\":\"2024-03-11T12:34:29+00:00\",\"description\":\"El bolso Vest de Y-3 \u00a0es un accesorio pr\u00e1ctico y est\u00e9tico a simple vista y est\u00e1 disponible para la temporada Oto\u00f1o-Invierno 2023.\",\"breadcrumb\":{\"@id\":\"https:\\\/\\\/www.marodadesign.es\\\/miralles\\\/producto\\\/bolso-vest-y-3\\\/#breadcrumb\"},\"inLanguage\":\"es\",\"potentialAction\":[{\"@type\":\"ReadAction\",\"target\":[\"https:\\\/\\\/www.marodadesign.es\\\/miralles\\\/producto\\\/bolso-vest-y-3\\\/\"]}]},{\"@type\":\"ImageObject\",\"inLanguage\":\"es\",\"@id\":\"https:\\\/\\\/www.marodadesign.es\\\/miralles\\\/producto\\\/bolso-vest-y-3\\\/#primaryimage\",\"url\":\"https:\\\/\\\/www.marodadesign.es\\\/miralles\\\/wp-content\\\/uploads\\\/2023\\\/11\\\/Bolso-Vest-Y-3_00.jpg\",\"contentUrl\":\"https:\\\/\\\/www.marodadesign.es\\\/miralles\\\/wp-content\\\/uploads\\\/2023\\\/11\\\/Bolso-Vest-Y-3_00.jpg\",\"width\":840,\"height\":840,\"caption\":\"BOLSO VEST Y-3 IU4254\"},{\"@type\":\"BreadcrumbList\",\"@id\":\"https:\\\/\\\/www.marodadesign.es\\\/miralles\\\/producto\\\/bolso-vest-y-3\\\/#breadcrumb\",\"itemListElement\":[{\"@type\":\"ListItem\",\"position\":1,\"name\":\"Portada\",\"item\":\"https:\\\/\\\/www.marodadesign.es\\\/miralles\\\/\"},{\"@type\":\"ListItem\",\"position\":2,\"name\":\"Tienda\",\"item\":\"https:\\\/\\\/www.marodadesign.es\\\/miralles\\\/tienda\\\/\"},{\"@type\":\"ListItem\",\"position\":3,\"name\":\"BOLSO VEST Y-3\"}]},{\"@type\":\"WebSite\",\"@id\":\"https:\\\/\\\/www.marodadesign.es\\\/miralles\\\/#website\",\"url\":\"https:\\\/\\\/www.marodadesign.es\\\/miralles\\\/\",\"name\":\"ELEVEN\",\"description\":\"Moda para hombre en Valencia\",\"publisher\":{\"@id\":\"https:\\\/\\\/www.marodadesign.es\\\/miralles\\\/#organization\"},\"potentialAction\":[{\"@type\":\"SearchAction\",\"target\":{\"@type\":\"EntryPoint\",\"urlTemplate\":\"https:\\\/\\\/www.marodadesign.es\\\/miralles\\\/?s={search_term_string}\"},\"query-input\":{\"@type\":\"PropertyValueSpecification\",\"valueRequired\":true,\"valueName\":\"search_term_string\"}}],\"inLanguage\":\"es\"},{\"@type\":\"Organization\",\"@id\":\"https:\\\/\\\/www.marodadesign.es\\\/miralles\\\/#organization\",\"name\":\"Eleven Valencia\",\"alternateName\":\"Eleven\",\"url\":\"https:\\\/\\\/www.marodadesign.es\\\/miralles\\\/\",\"logo\":{\"@type\":\"ImageObject\",\"inLanguage\":\"es\",\"@id\":\"https:\\\/\\\/www.marodadesign.es\\\/miralles\\\/#\\\/schema\\\/logo\\\/image\\\/\",\"url\":\"https:\\\/\\\/www.marodadesign.es\\\/miralles\\\/wp-content\\\/uploads\\\/2023\\\/05\\\/Simbolo-Eleven-Valencia.jpg\",\"contentUrl\":\"https:\\\/\\\/www.marodadesign.es\\\/miralles\\\/wp-content\\\/uploads\\\/2023\\\/05\\\/Simbolo-Eleven-Valencia.jpg\",\"width\":600,\"height\":600,\"caption\":\"Eleven Valencia\"},\"image\":{\"@id\":\"https:\\\/\\\/www.marodadesign.es\\\/miralles\\\/#\\\/schema\\\/logo\\\/image\\\/\"}}]}<\/script>\n<!-- \/ Yoast SEO plugin. -->","yoast_head_json":{"title":"BOLSO VEST Y-3 - ELEVEN","description":"El bolso Vest de Y-3 \u00a0es un accesorio pr\u00e1ctico y est\u00e9tico a simple vista y est\u00e1 disponible para la temporada Oto\u00f1o-Invierno 2023.","robots":{"index":"noindex","follow":"follow","max-snippet":"max-snippet:-1","max-image-preview":"max-image-preview:large","max-video-preview":"max-video-preview:-1"},"og_locale":"es_ES","og_type":"article","og_title":"BOLSO VEST Y-3 - ELEVEN","og_description":"El bolso Vest de Y-3 \u00a0es un accesorio pr\u00e1ctico y est\u00e9tico a simple vista y est\u00e1 disponible para la temporada Oto\u00f1o-Invierno 2023.","og_url":"https:\/\/www.marodadesign.es\/miralles\/producto\/bolso-vest-y-3\/","og_site_name":"ELEVEN","article_modified_time":"2024-03-11T12:34:29+00:00","og_image":[{"width":840,"height":840,"url":"https:\/\/www.marodadesign.es\/miralles\/wp-content\/uploads\/2023\/11\/Bolso-Vest-Y-3_00.jpg","type":"image\/jpeg"}],"twitter_card":"summary_large_image","twitter_misc":{"Tiempo de lectura":"1 minuto"},"schema":{"@context":"https:\/\/schema.org","@graph":[{"@type":"WebPage","@id":"https:\/\/www.marodadesign.es\/miralles\/producto\/bolso-vest-y-3\/","url":"https:\/\/www.marodadesign.es\/miralles\/producto\/bolso-vest-y-3\/","name":"BOLSO VEST Y-3 - ELEVEN","isPartOf":{"@id":"https:\/\/www.marodadesign.es\/miralles\/#website"},"primaryImageOfPage":{"@id":"https:\/\/www.marodadesign.es\/miralles\/producto\/bolso-vest-y-3\/#primaryimage"},"image":{"@id":"https:\/\/www.marodadesign.es\/miralles\/producto\/bolso-vest-y-3\/#primaryimage"},"thumbnailUrl":"https:\/\/www.marodadesign.es\/miralles\/wp-content\/uploads\/2023\/11\/Bolso-Vest-Y-3_00.jpg","datePublished":"2024-03-11T12:34:28+00:00","dateModified":"2024-03-11T12:34:29+00:00","description":"El bolso Vest de Y-3 \u00a0es un accesorio pr\u00e1ctico y est\u00e9tico a simple vista y est\u00e1 disponible para la temporada Oto\u00f1o-Invierno 2023.","breadcrumb":{"@id":"https:\/\/www.marodadesign.es\/miralles\/producto\/bolso-vest-y-3\/#breadcrumb"},"inLanguage":"es","potentialAction":[{"@type":"ReadAction","target":["https:\/\/www.marodadesign.es\/miralles\/producto\/bolso-vest-y-3\/"]}]},{"@type":"ImageObject","inLanguage":"es","@id":"https:\/\/www.marodadesign.es\/miralles\/producto\/bolso-vest-y-3\/#primaryimage","url":"https:\/\/www.marodadesign.es\/miralles\/wp-content\/uploads\/2023\/11\/Bolso-Vest-Y-3_00.jpg","contentUrl":"https:\/\/www.marodadesign.es\/miralles\/wp-content\/uploads\/2023\/11\/Bolso-Vest-Y-3_00.jpg","width":840,"height":840,"caption":"BOLSO VEST Y-3 IU4254"},{"@type":"BreadcrumbList","@id":"https:\/\/www.marodadesign.es\/miralles\/producto\/bolso-vest-y-3\/#breadcrumb","itemListElement":[{"@type":"ListItem","position":1,"name":"Portada","item":"https:\/\/www.marodadesign.es\/miralles\/"},{"@type":"ListItem","position":2,"name":"Tienda","item":"https:\/\/www.marodadesign.es\/miralles\/tienda\/"},{"@type":"ListItem","position":3,"name":"BOLSO VEST Y-3"}]},{"@type":"WebSite","@id":"https:\/\/www.marodadesign.es\/miralles\/#website","url":"https:\/\/www.marodadesign.es\/miralles\/","name":"ELEVEN","description":"Moda para hombre en Valencia","publisher":{"@id":"https:\/\/www.marodadesign.es\/miralles\/#organization"},"potentialAction":[{"@type":"SearchAction","target":{"@type":"EntryPoint","urlTemplate":"https:\/\/www.marodadesign.es\/miralles\/?s={search_term_string}"},"query-input":{"@type":"PropertyValueSpecification","valueRequired":true,"valueName":"search_term_string"}}],"inLanguage":"es"},{"@type":"Organization","@id":"https:\/\/www.marodadesign.es\/miralles\/#organization","name":"Eleven Valencia","alternateName":"Eleven","url":"https:\/\/www.marodadesign.es\/miralles\/","logo":{"@type":"ImageObject","inLanguage":"es","@id":"https:\/\/www.marodadesign.es\/miralles\/#\/schema\/logo\/image\/","url":"https:\/\/www.marodadesign.es\/miralles\/wp-content\/uploads\/2023\/05\/Simbolo-Eleven-Valencia.jpg","contentUrl":"https:\/\/www.marodadesign.es\/miralles\/wp-content\/uploads\/2023\/05\/Simbolo-Eleven-Valencia.jpg","width":600,"height":600,"caption":"Eleven Valencia"},"image":{"@id":"https:\/\/www.marodadesign.es\/miralles\/#\/schema\/logo\/image\/"}}]}},"brands":[{"id":163,"name":"Y-3","slug":"y-3"}],"_links":{"self":[{"href":"https:\/\/www.marodadesign.es\/miralles\/wp-json\/wp\/v2\/product\/7187","targetHints":{"allow":["GET"]}}],"collection":[{"href":"https:\/\/www.marodadesign.es\/miralles\/wp-json\/wp\/v2\/product"}],"about":[{"href":"https:\/\/www.marodadesign.es\/miralles\/wp-json\/wp\/v2\/types\/product"}],"wp:featuredmedia":[{"embeddable":true,"href":"https:\/\/www.marodadesign.es\/miralles\/wp-json\/wp\/v2\/media\/7188"}],"wp:attachment":[{"href":"https:\/\/www.marodadesign.es\/miralles\/wp-json\/wp\/v2\/media?parent=7187"}],"wp:term":[{"taxonomy":"pwb-brand","embeddable":true,"href":"https:\/\/www.marodadesign.es\/miralles\/wp-json\/wp\/v2\/pwb-brand?post=7187"},{"taxonomy":"product_brand","embeddable":true,"href":"https:\/\/www.marodadesign.es\/miralles\/wp-json\/wp\/v2\/product_brand?post=7187"},{"taxonomy":"product_cat","embeddable":true,"href":"https:\/\/www.marodadesign.es\/miralles\/wp-json\/wp\/v2\/product_cat?post=7187"},{"taxonomy":"product_tag","embeddable":true,"href":"https:\/\/www.marodadesign.es\/miralles\/wp-json\/wp\/v2\/product_tag?post=7187"}],"curies":[{"name":"wp","href":"https:\/\/api.w.org\/{rel}","templated":true}]}}